of n.
2, 3
Let n(d) = -d**2 + 8*d - 12. Let w be n(6). Suppose 24 = 2*t + 3*v, w*v + 42 = 4*t + 3*v. What are the prime factors of (t - -4)/((-6)/(-66))?
11, 13
Suppose 5*v = 0, -5*n + 34837 - 7837 = -3*n + v. List the prime factors of n.
2, 3, 5
Let u = 23485 - 11209. What are the prime factors of u?
2, 3, 11, 31
List the prime factors of 441/(17 + 5940/(-350)).
3, 5, 7
Suppose -13*f = -9*f - 96. Let k(c) = -c**3 + 26*c**2 - 34*c + 8. Let u be k(f). Let t = 485 - u. List the prime factors of t.
3, 47
Suppose 3*p + 102878 = -9*p + 519890. List the prime factors of p.
19, 31, 59
Let s(f) = 5*f**2 - 60*f - 309. What are the prime factors of s(-33)?
2, 3, 593
Suppose 47100 = f + 4*g, -101*f - 5*g - 47136 = -102*f. List the prime factors of f.
2, 11779
Let w(x) = 4*x - 58. Let l be w(15). Suppose -4*s + 3*p = -234, s + s - l*p - 116 = 0. What are the prime factors of s?
2, 3, 5
Let h(q) = -q**2 + 22*q - 29. Let p(o) = -16*o + 13. Let z be p(7). Let i be (2/(-11) + 81/z)*-13. What are the prime factors of h(i)?
2, 11
Let j(t) = -t**3 + 32*t**2 - 21*t + 27. Let k(u) = -2*u**3 + 38*u**2 + u + 12. Let l be k(19). What are the prime factors of j(l)?
337
Let t(g) = 68*g**2 - 20*g + 171. Let p be t(6). Suppose 2133 + p = 4*x - 2*o, 2*x - 2312 = 3*o. What are the prime factors of x?
19, 61
Suppose -2*d + 3205 = 3*o, 1194 = 3*o - 4*d - 1981. Let t = 1582 - o. What are the prime factors of t?
11, 47
What are the prime factors of -36 + 28 - 1/(-1)*21366?
2, 59, 181
Suppose 0 = 3*v - 3*t - 73686, -532*t + 530*t = -5*v + 122801. What are the prime factors of v?
41, 599
Let z = 484 + -122. Suppose 268 = 9*m - z. Let w = m - -59. List the prime factors of w.
3, 43
Let g = 286 - 303. Let x(q) = 4*q**2 - 12*q - 81. What are the prime factors of x(g)?
1279
What are the prime factors of 7/(21/2)*38955/10?
7, 53
Suppose -k + 0*r + 209 = -r, r - 421 = -2*k. Let x be (156/(-130))/(4/k*-3). Let d(a) = -a**2 + 27*a + 16. List the prime factors of d(x).
2, 71
Suppose 17*m = -57319 + 289267. Suppose -5*h = -23*h + m. What are the prime factors of h?
2, 379
Let d be 20906/30 + 112/840. Suppose 2*i - 3*r + 146 = d, -5*i = 3*r - 1388. What are the prime factors of i?
277
Let y(p) = p**2 - 20*p + 72. Let w be y(30). Let f = 629 - w. What are the prime factors of f?
257
Let p = 761 + 2941. List the prime factors of p.
2, 3, 617
Let v = 1786 + -992. Suppose 11*h - v - 1329 = 0. List the prime factors of h.
193
Let k = 29 - 16. Suppose -8*p = -3*p + 20. Let f = p + k. List the prime factors of f.
3
Let w = 43255 + -28874. List the prime factors of w.
73, 197
Suppose 44 = -5*h + 7*h. Let s = h - 20. Suppose -4*x + 60 = -s*x. List the prime factors of x.
2, 3, 5
Let j(z) = z**2 - 4. Let m be j(-3). Suppose 33*g + 7*g + 46 = -6*g. List the prime factors of (g/4 - m/4)*-4.
2, 3
Let q = -91 + 93. Suppose -5*j + 2*j + q*x = -3, -2*x - 1 = -5*j. List the prime factors of (68/j)/(6/(-12)).
2, 17
Suppose -3*j - 900 = 5*q, q + 2*q = -5*j - 1484. Let o = 2618 - j. Suppose -663 + o = 10*k. List the prime factors of k.
3, 5
Suppose 82*g = 321787 - 196223 + 497964. What are the prime factors of g?
2, 1901
Let x be ((-12)/(-9))/((-15)/9 + 2). Suppose p + x = 6, 688 = 2*h + 4*p. What are the prime factors of h?
2, 5, 17
Let d(a) = -a**2 + 2*a + 6. Let b be d(-6). Let y(x) = 22*x + 224. Let n be y(-11). List the prime factors of (-514)/(-7) + 2 - n/b.
3, 5
Let g be (-3)/1*(1 + (-11)/3). Suppose 0 = -12*w + g*w + 320. Suppose w*s + 312 = 82*s. List the prime factors of s.
2, 3, 13
Suppose 3*d + 1 + 0 = -z, -d - 3 = z. Let y be 114/9*69/46 + 3. Let b = y - z. List the prime factors of b.
2, 13
Suppose 5*i + 3*m = -0*i + 36, 2*i + 4*m - 20 = 0. Let f(p) = p**3 - 5*p**2 + 5*p - 5. Let j be f(i). Suppose -6*q + 445 = j. What are the prime factors of q?
2
Let q(m) = 42*m**2 - 274*m + 5658. What are the prime factors of q(22)?
2, 17, 587
Let m(j) = 93*j + 21. Let i be m(7). Suppose -9*b = -i + 213. Suppose -q + b + 5 = 0. List the prime factors of q.
2, 7
Let k(a) = 4*a**3 - 4*a**2 - 25*a - 24. List the prime factors of k(9).
3, 11, 71
Let l(m) = 217 + 5*m + 4*m**2 - 3*m**2 - 237. List the prime factors of l(4).
2
Let w(h) = h**2 + 2*h - 16. Suppose 4*p = -0*p + 48. Let s be w(p). Let y = s - 61. List the prime factors of y.
7, 13
Let g(a) be the first derivative of 68*a - 11/2*a**2 - 24. What are the prime factors of g(-11)?
3, 7
List the prime factors of ((-176)/3)/(6/(-3708)*2).
2, 11, 103
Let a(u) = u**2 + 10*u + 21. Let c be a(-5). Let b(t) = 4*t + 12. Let g be b(c). Let m = g + 28. List the prime factors of m.
2, 3
Let l(u) be the second derivative of -u**5/20 - u**3/6 + 7*u**2/2 + 10*u. Let c be l(0). What are the prime factors of (-77)/(-22)*32/c?
2
Suppose 670 = -5*p - 4*y + 7941, 2*y = -3*p + 4363. Let c = -929 + p. What are the prime factors of c?
2, 263
Let x(w) = 2*w + 16. Let q be x(6). Suppose q + 5 = 11*k. Suppose -2*u - s + 0*s = -155, k*u = s + 240. What are the prime factors of u?
79
Let o be -1 + 2 + 2 - 54. Let a = 37 - o. What are the prime factors of 6/4*-2 + a?
5, 17
What are the prime factors of (-266)/(-19) - 12 - -30939?
30941
What are the prime factors of (-560)/980 - 1487211/(-21)?
7, 67, 151
Suppose 3*f = -f + 3*x + 4663, -5*f = 5*x - 5855. Let r = f - 318. What are the prime factors of r?
2, 5, 17
Suppose -v = 3*v + 52. Let a = 17 + v. List the prime factors of (-6)/a + -222*(-3)/4.
3, 5, 11
Let s be 1/2 - 978894/(-84). Suppose 22*v = s - 1424. What are the prime factors of v?
3, 5, 31
Let w(l) = -2*l**2 + 94*l + 1546. Let q be w(-13). Suppose -c - c = -4*j - 6, -5*c + 3*j + 29 = 0. List the prime factors of c/(q/8) + 20.
2
Let v be ((-28)/(-10) - 2)/((-4)/(-20)). Suppose 0*q + 4*q - 1852 = -v*n, -q = 2*n - 931. List the prime factors of n.
2, 3, 13
Let m = 599 + -208. Let j = m - 272. What are the prime factors of j?
7, 17
Let l(s) = 2*s**2 - 7*s - 11. Let o(m) = -2*m - 53. Suppose w + 3*i = 6*w + 135, -4*i = w + 4. Let h be o(w). List the prime factors of l(h).
2, 37
Let y(q) = -29*q + 87. Let z(a) = 14*a - 43. Let f = 111 - 107. Let c(m) = f*y(m) + 9*z(m). What are the prime factors of c(19)?
151
List the prime factors of -1 - (-695 - (12 + -2)).
2, 11
Suppose 24 - 16 = 4*a. Suppose -10*y + 11*y = -2*i + a, -4*y - i = -8. Suppose 0 = y*t - 6, 5*b + t = 2*t + 977. List the prime factors of b.
2, 7
Let c = -9 - -12. Suppose 4*l - t = 332, -c*l - 2*l + 5*t = -415. Let g = l + 35. What are the prime factors of g?
2, 59
Suppose -7*g + 17415 + 19174 = 0. List the prime factors of g.
5227
Let k be (3/9*0)/2. Let o = 1071 - 1062. Suppose k = -o*l + 8*l + 101. List the prime factors of l.
101
Let o(p) = -494*p - 13. Let l be o(-7). List the prime factors of l/13 + (-10)/(0 - 2).
2, 3, 5
Suppose 101*z + 118671 - 698107 = 537018. What are the prime factors of z?
2, 5527
Suppose 0 = 53*o - 47*o + 42. List the prime factors of 158/1 - (9 + 35/o).
2, 7, 11
Let i(s) = 359*s + 374. What are the prime factors of i(12)?
2, 2341
Suppose 7*r + 2*r - 173745 = 0. Suppose r + 13599 = 24*w. List the prime factors of w.
3, 457
Let s(u) be the first derivative of 41/3*u**3 - 1/2*u**2 + 11 - u. List the prime factors of s(-2).
3, 5, 11
Let j = 161 + -126. Suppose 0 = -j*h + 46*h - 1760. What are the prime factors of h?
2, 5
Suppose 0 = 3*t + 32*g - 27*g - 85016, -3*t + 84974 = -g. What are the prime factors of t?
13, 2179
Suppose 5*g = 3*x + 60985, 2*g - 3228 = 4*x + 21166. What are the prime factors of g?
12197
Suppose 0 = -55*g - 40*g + 55*g + 2920. What are the prime factors of g?
73
Suppose 0 = -9*q + 25 - 7. Suppose -122 = -q*t + 4*c, 2*c + 141 = 3*t - 50. List the prime factors of t.
5, 13
Suppose -7*q - 10170 = -12*q + 2*x, 3*x + 10170 = 5*q. List the prime factors of q.
2, 3, 113
Let p be (-14)/21*(-5)/(15/9). Suppose -4*f - 7*i + p*i = -7, 0 = -2*f + 2*i + 26. List the prime factors of f.
2
Suppose 11*n - 119778 = 33001. What are the prime factors of n?
17, 19, 43
Suppose 4*z = t + 27788, 5*z = 5*t + 18200 + 16550. List the prime factors of z.
2, 23, 151
Let r(y) = y**3 + y**2 + 4*y + 4. Let g be r(-2). Let o be 1 - (9 - 8)/(2/g). Suppose 11*u - o = 182. What are the prime factors of u?
17
Suppose 7*h - 5*h - 20 = 0. Suppose 0 = -h*a - 2*a + 48. Suppose p = -3*p + a*b + 556, 5*b = 2